 the highest common factor of 440 and 46986280.
440
Calculate the greatest common factor of 4404 and 461136.
12
What is the greatest common divisor of 41745 and 244605?
345
What is the greatest common factor of 121635 and 2115720?
135
What is the highest common factor of 55568 and 42921448?
1208
What is the highest common factor of 3146694 and 335328?
2994
What is the highest common factor of 5241460 and 40?
20
What is the highest common divisor of 62586943 and 25345?
5069
What is the highest common factor of 19233656 and 1264?
632
What is the greatest common factor of 1157384 and 36616?
1592
Calculate the greatest common divisor of 886250 and 60000.
1250
What is the greatest common factor of 271983492 and 1188?
396
Calculate the highest common divisor of 25459 and 28.
7
What is the greatest common factor of 1209404432 and 1168?
1168
Calculate the highest common divisor of 5784141 and 66.
33
What is the highest common factor of 21868 and 4543?
77
What is the greatest common factor of 311642548 and 2044?
2044
Calculate the highest common divisor of 35583 and 1669443.
87
Calculate the greatest common divisor of 91993470 and 3401.
179
What is the highest common factor of 124 and 2203573?
31
Calculate the highest common divisor of 946839820 and 527.
527
What is the highest common factor of 11085997 and 325?
13
Calculate the greatest common divisor of 54614 and 10822.
14
What is the greatest common divisor of 4897805 and 704?
11
Calculate the highest common factor of 67642507 and 17.
17
Calculate the highest common factor of 1078838 and 1504.
94
Calculate the greatest common divisor of 2160 and 45091280.
80
Calculate the highest common divisor of 8010 and 617482.
178
What is the highest common divisor of 164263 and 9042?
1507
What is the greatest common divisor of 52069703 and 5684?
1421
What is the highest common factor of 999913523 and 322?
161
Calculate the highest common factor of 436668 and 924.
12
What is the greatest common divisor of 6837995 and 4420?
85
What is the greatest common factor of 915771 and 34689?
93
What is the greatest common factor of 29792 and 51224?
152
Calculate the greatest common divisor of 160993 and 738584.
763
Calculate the highest common divisor of 132 and 99430474.
22
What is the highest common divisor of 280108 and 1537664?
1172
Calculate the greatest common factor of 506214023 and 7.
7
Calculate the greatest common divisor of 110 and 11601370.
110
What is the highest common divisor of 182 and 80327506?
14
What is the greatest common factor of 426 and 59290893?
213
Calculate the greatest common divisor of 69715 and 75920.
365
What is the greatest common divisor of 1276796 and 19574663?
8627
What is the greatest common factor of 2698117 and 526?
263
Calculate the highest common factor of 90 and 67644792.
18
Calculate the greatest common divisor of 3258658 and 933.
311
What is the highest common factor of 17770528 and 398812?
2228
Calculate the greatest common divisor of 7672 and 74117.
137
What is the greatest common factor of 10570351 and 88?
11
What is the highest common factor of 671 and 598257?
11
What is the greatest common factor of 9 and 532933?
1
What is the greatest common divisor of 30195 and 136125?
495
Calculate the highest common factor of 1034485 and 355.
5
Calculate the greatest common factor of 239988 and 469.
7
Calculate the highest common divisor of 22211 and 28861.
133
Calculate the highest common factor of 275053965 and 255.
255
Calculate the highest common factor of 19476 and 1363861.
541
Calculate the highest common divisor of 116 and 570516.
4
What is the highest common divisor of 13772 and 5058080?
1252
Calculate the highest common divisor of 1013 and 855251588.
1013
Calculate the highest common divisor of 54 and 657100026.
54
Calculate the highest common divisor of 115 and 4977384.
23
Calculate the highest common divisor of 2541 and 23787610.
77
Calculate the greatest common factor of 60948 and 71856.
36
Calculate the highest common factor of 2376 and 42310323.
297
What is the greatest common divisor of 1924928 and 25080?
152
What is the highest common factor of 3188 and 12368643?
797
Calculate the highest common divisor of 869 and 56708333.
869
What is the highest common factor of 1669 and 599171?
1669
What is the highest common divisor of 152891625 and 34734?
2481
What is the highest common divisor of 100217286 and 182?
26
What is the highest common divisor of 245 and 4427283?
7
What is the highest common divisor of 4122 and 16937676?
18
Calculate the highest common divisor of 3393102 and 42.
6
Calculate the greatest common divisor of 21052 and 435998.
554
Calculate the highest common divisor of 126 and 58842306.
18
What is the greatest common factor of 102 and 26138394?
6
What is the greatest common divisor of 3718253 and 129?
43
What is the highest common factor of 6191292 and 24?
12
Calculate the greatest common factor of 178510724 and 392.
196
Calculate the highest common factor of 40 and 386369740.
20
What is the greatest common divisor of 536 and 86316904?
536
Calculate the greatest common factor of 108 and 6078861.
27
Calculate the highest common divisor of 150 and 79160790.
30
Calculate the highest common divisor of 2620243 and 22018.
101
Calculate the greatest common divisor of 1578871044 and 186.
186
Calculate the highest common divisor of 194352908 and 53.
53
What is the highest common divisor of 465 and 823215?
15
Calculate the greatest common factor of 4216 and 2301192.
248
What is the greatest common factor of 506278921 and 437?
437
What is the greatest common factor of 26 and 173953819?
13
What is the highest common divisor of 222840121 and 62?
31
What is the highest common factor of 2308320 and 88480?
1120
What is the greatest common divisor of 169 and 2824055?
13
What is the greatest common factor of 479930 and 8305?
55
What is the greatest common factor of 1311625 and 2625?
875
What is the highest common factor of 20 and 126279540?
20
What is the greatest common divisor of 7948 and 141272?
4
What is the greatest common divisor of 3914 and 6655757?
1957
What is the highest common divisor of 331824396 and 24?
12
What is the highest common factor of 1733401 and 2285?
457
What is the greatest common factor of 1302 and 80053904?
434
Calculate the greatest common divisor of 5130 and 19927080.
270
What is the greatest common factor of 377604500 and 750?
250
What is the highest common factor of 79360808 and 1758?
586
Calculate the highest common factor of 84 and 29833692.
84
Calculate the greatest common divisor of 244803 and 156.
39
What is the greatest common factor of 9250 and 151922?
74
Calculate the highest common factor of 410 and 109024945.
205
Calculate the greatest common divisor of 625 and 31785625.
625
Calculate the highest common factor of 55390 and 2057070.
1910
Calculate the greatest common factor of 7 and 40542397.
7
What is the greatest common divisor of 9662382 and 54?
54
What is the greatest common divisor of 433084806 and 189?
189
Calculate the greatest common factor of 10190 and 593840.
10
What is the highest common factor of 7638 and 3505038?
402
What is the highest common divisor of 4927 and 21928561?
379
Calculate the greatest common divisor of 315 and 175097895.
105
What is the highest common factor of 1045329254 and 1702?
1702
What is the greatest common factor of 31757 and 40051?
11
Calculate the greatest common divisor of 146559 and 13265085.
2991
What is the greatest common factor of 584680 and 7144?
376
Calculate the highest common divisor of 6125 and 4058425.
1225
Calculate the highest common factor of 45912162 and 609.
87
What is the highest common factor of 68 and 47799716?
68
Calculate the highest common factor of 137243 and 1308175.
71
Calculate the highest common factor of 12525 and 3863211.
501
What is the highest common factor of 12289844 and 15946?
238
Calculate the greatest common divisor of 111303 and 1962369.
747
What is the greatest common factor of 1551447972 and 24?
12
Calculate the greatest common divisor of 72702 and 69706.
14
Calculate the greatest common factor of 22 and 97745890.
22
What is the greatest common factor of 143466 and 2886?
6
What is the highest common divisor of 904 and 87304?
8
Calculate the highest common divis